divisor of 55 and a.
5
Let t(p) = p**2 - 13*p - 2. Let w be t(9). Let z = w + 59. What is the highest common divisor of z and 105?
21
Let o(x) = -47*x + 2. Let j be o(-2). What is the highest common factor of j and 24?
24
Let z(n) = n**3 + 6*n**2 - 3*n - 2. Let i be z(-6). Let b = 13 - -27. Calculate the highest common factor of b and i.
8
Suppose 2*o = 8 + 4. Suppose -9*i = -o*i - 9. What is the greatest common divisor of i and 24?
3
Suppose 2*i + 120 = 6*i. Let l(x) = -10*x**3 - 2*x**2 - x + 1. Let v be l(-2). Calculate the greatest common divisor of v and i.
15
Suppose 0 = -0*x + 4*x - 68. Let u(w) = -w**2 - 4*w. Let k be u(-4). Suppose -2*i - 2*i + 272 = k. What is the highest common factor of i and x?
17
Let m(a) = -3*a - 5. Let o be m(-5). Suppose -5*l + 79 = 3*x, -3*x + l + 39 + o = 0. Let g be 4/(-6)*(-117)/13. What is the greatest common factor of g and x?
6
Suppose -2*x + 6*a + 10 = 2*a, 0 = 3*x + 3*a - 6. Let w = 45 - 12. What is the highest common divisor of w and x?
3
Let w(d) = 55*d - 9. Let c be w(9). Suppose -2*y - y = -c. Calculate the greatest common divisor of 18 and y.
18
Let t(f) = -9*f - 4. Let c be t(-6). Suppose -4*v = v + c. Let q = 16 + v. Calculate the greatest common divisor of q and 54.
6
Suppose -j - y = 2*y - 12, 2*j = -4*y + 24. Let o = -221 + 329. Calculate the greatest common divisor of o and j.
12
Suppose 4*k - k - 15 = 0. Suppose 1 = -g - p, k*g - p - 29 + 4 = 0. Suppose 46 = 3*v - 38. What is the greatest common divisor of v and g?
4
Let l(b) = 11*b - 19. Let u be l(3). Let m be (28/(-10))/((-2)/50). What is the greatest common divisor of m and u?
14
Suppose -588 = k + 3*k. Let h = -28 - k. Suppose 4*c - 241 = -m, m + h = 2*c - 0*m. What is the highest common factor of c and 12?
12
Let r = 114 - 64. What is the highest common divisor of 125 and r?
25
Let c(s) = -2*s - 1. Let p be c(-5). Let q = -98 + 134. What is the highest common factor of p and q?
9
Suppose 2*z = 3*c, -2*z = -6*z + 3*c + 6. Suppose -8 = -4*m + 2*m, z*j = -m + 28. What is the greatest common divisor of 88 and j?
8
Suppose 0*b - 60 = -5*b. Let k = 1 + b. Calculate the highest common factor of 91 and k.
13
Let i = 338 - 186. Calculate the highest common divisor of i and 19.
19
Let o be 1 + -4 + -1 - -13. Let p(c) = -c**3 + 9*c**2 + 2*c - 6. Let q be p(o). Calculate the greatest common divisor of q and 36.
12
Let f = 50 + -1. Suppose -w + 3*x + 7 = 0, 0 = -w - 4*x + 5*x + 7. Calculate the greatest common divisor of w and f.
7
Suppose -7*y + 12*y - 950 = 0. Calculate the highest common divisor of 38 and y.
38
Let f be (-2 + 8 + (-2)/(-4))*2. Calculate the greatest common factor of f and 13.
13
Suppose -4*h + 0*r + 37 = -r, -5*r = 4*h - 55. Calculate the greatest common divisor of 2 and h.
2
Let g(w) = w + 7. Let y be g(-4). Suppose -3*j + y = -15. Let b(k) = k**2 - 2*k + 3. Let v be b(5). What is the highest common divisor of v and j?
6
Suppose -27 = -0*w + 3*w. Let q be (w/6)/((-3)/270). Let l(d) = -7*d + 5. Let s be l(-7). What is the greatest common factor of s and q?
27
Let w = -95 - -326. Calculate the greatest common factor of w and 21.
21
Suppose -2*p + 8 = 2*p. Suppose -p*g = -0*g - 216. What is the greatest common divisor of g and 12?
12
Let r be -2*(18/(-1) + 1). Suppose 2*l = 3*l - 68. Calculate the greatest common divisor of r and l.
34
Suppose -129 - 159 = -4*x. What is the highest common divisor of x and 8?
8
Suppose w + 2*b - 1 = 0, 0 = w - b - 4*b - 8. Calculate the highest common factor of w and 2.
1
Let p = 86 + -53. Let z(r) = 5*r**2 + 4*r - 1. Let a be z(3). Let t = -34 + a. Calculate the highest common divisor of p and t.
11
Let x be 4 + 1 + (65 - 0). Calculate the highest common divisor of 35 and x.
35
Let p(s) = 22*s**2 + 4*s - 6. Let h be p(2). What is the highest common divisor of h and 10?
10
Let m = 79 - 43. Suppose m = -2*v + 6*v. Calculate the highest common divisor of v and 63.
9
Suppose 0*h = 6*h - 396. Calculate the greatest common factor of 44 and h.
22
Let l(q) = -q + 4. Let v be l(4). Suppose v = -2*y - 7 - 9. Let z be y/36 + (-94)/(-18). What is the greatest common divisor of z and 35?
5
Let j be (-108)/(-30) + 4/10. Suppose 0 = -3*t + j*t - 15. What is the highest common divisor of 15 and t?
15
Suppose 4*k - 162 = -7*a + 2*a, 33 = a + k. What is the greatest common divisor of 15 and a?
15
Let y = -14 - -11. Let j be (13/y)/(6/(-18)). Calculate the greatest common divisor of 104 and j.
13
Let w(n) = 4*n + 6. Let k be w(6). Calculate the greatest common factor of 20 and k.
10
Let b(o) = -7*o + 6 + 0*o**2 - 2*o**2 + o**2. Let t be b(-7). Let u be (3 - 1)/((-1)/(-6)). What is the greatest common factor of u and t?
6
Suppose -20*p = -15*p - 125. What is the highest common factor of p and 150?
25
Suppose -4*h + 4 = 0, -5*t + 9 + 11 = -5*h. Suppose 70 = -4*m + t*m. Calculate the greatest common divisor of 28 and m.
14
Let g(x) = -5*x - 65. Let b be g(-19). Suppose 0 = 2*v + v + 2*f - 3, -18 = -4*v + 2*f. Calculate the greatest common divisor of b and v.
3
Let u = 183 + -85. Let f(w) = -w**2 + 10*w - 7. Suppose -4*c + 7*c = 21. Let a be f(c). Calculate the highest common factor of a and u.
14
Suppose 3*t - 43 = 101. Suppose c + 3*v + 3 = -3, -44 = -4*c + 5*v. What is the highest common factor of t and c?
6
Suppose 4*o - 4*p = -0*o + 32, -2*o - p + 1 = 0. Let t be (5 + 0)/((-10)/(-60)). Calculate the greatest common factor of t and o.
3
Let l be (9 - 1*-2) + -2. Suppose 4*m - 39 = l. Suppose 3*k = 2*k + m. What is the highest common factor of k and 108?
12
Let v(u) = -u**2 - 3*u - 3. Let f be v(-6). Let s = 23 + f. Suppose -4*a + 2*a + 2 = 0. Calculate the greatest common divisor of a and s.
1
Let l = -5 + 0. Let k be (-1 - -3)/2 - l. Let o be k + 0 + (-2)/2. Calculate the greatest common factor of 35 and o.
5
Suppose 30 = 3*i - 123. Suppose 2*h - i - 3 = 0. What is the highest common factor of 18 and h?
9
Let a = 8 + -5. Let r = -5 - -5. Let d = r + 9. What is the greatest common factor of a and d?
3
Suppose 3*g = -26 + 218. What is the highest common divisor of g and 16?
16
Let h be (-24)/(-132) - 2/11. Suppose 4*m = -4*c + 396, h*c - 170 = -2*c + 5*m. What is the greatest common divisor of 38 and c?
19
Let v be 2/2*1*(8 - -24). Calculate the greatest common divisor of 288 and v.
32
Let t = -90 - -111. What is the greatest common factor of 63 and t?
21
Let c(u) = -u**3 + 3*u**2 + 8*u - 7. Let v be c(5). Let f = v + 29. Let l(w) = -10*w. Let y be l(-6). Calculate the greatest common factor of y and f.
12
Let i be -6 + 300/21 - 4/14. What is the greatest common factor of 16 and i?
8
Let a(v) = v**2 + 19*v + 27. Let x be a(-18). What is the highest common factor of x and 1?
1
Suppose -2*y = 4*m - 8, -4 - 9 = -3*m + 2*y. Let g be (22/m)/(4/6). Let b be ((-22)/8)/((-3)/132). What is the greatest common divisor of b and g?
11
Suppose -2*p + 24 = -2*y, -4*y + 8 = -0*p + 3*p. What is the highest common factor of 104 and p?
8
Let y(p) = -p + 1. Let z be y(-3). What is the greatest common divisor of z and 44?
4
Let i = -7 + 11. Suppose -i = -g - 0*g. Calculate the greatest common factor of g and 4.
4
Suppose 0 = t - 6*t + 270. What is the greatest common divisor of t and 36?
18
Let p(m) = -8*m**3 + 2*m**2 + 2*m + 1. Let x be p(-1). What is the greatest common divisor of 9 and x?
9
Suppose 0 = 3*y - 4*n - 16, 0*y - 24 = -5*y + 4*n. Suppose -5*p = -3*w - 0*w - 195, p + 2*w - 26 = 0. Calculate the greatest common divisor of y and p.
4
Let c = -119 - -210. Suppose j - c = 271. Suppose -3*n - j = -5*l, -5*n = -6*l + 2*l + 300. What is the highest common divisor of 10 and l?
10
Let v(k) = -5*k - 11 + 5*k - 5*k. Let o be v(-5). What is the greatest common divisor of 14 and o?
14
Let z(f) = 17*f - 10. Let l be z(9). Calculate the greatest common factor of l and 13.
13
Suppose 439 = 5*k - 11. What is the greatest common factor of k and 36?
18
Let k be ((-15)/(-12))/(3/228). Calculate the greatest common divisor of 19 and k.
19
Let x be (-352)/(-12) - 4/(-6). Calculate the greatest common divisor of 15 and x.
15
Suppose 0 = 2*z - 51 - 119. Let u(q) = -4*q - 1. Let v be u(2). Let l = v + 43. What is the greatest common factor of z and l?
17
Suppose -r = -43 - 1. What is the greatest common divisor of 11 and r?
11
Let m(a) = a**2